{"id":1068,"date":"2019-04-22T10:40:45","date_gmt":"2019-04-22T13:40:45","guid":{"rendered":"https:\/\/mgieada.com.br\/site\/?page_id=1068"},"modified":"2024-04-02T19:22:14","modified_gmt":"2024-04-02T22:22:14","slug":"dizimos-e-ofertas","status":"publish","type":"page","link":"https:\/\/mgieada.com.br\/site\/dizimos-e-ofertas\/","title":{"rendered":"Dizimos e ofertas"},"content":{"rendered":"\n<div class=\"wp-block-group is-layout-flow wp-block-group-is-layout-flow\"><div class=\"wp-block-group__inner-container\"><\/div><\/div>\n\n\n\n<figure class=\"wp-block-image size-full\"><img loading=\"lazy\" decoding=\"async\" width=\"720\" height=\"511\" src=\"https:\/\/mgieada.com.br\/site\/wp-content\/uploads\/2024\/04\/dizimos2024.jpg\" alt=\"\" class=\"wp-image-1959\" srcset=\"https:\/\/mgieada.com.br\/site\/wp-content\/uploads\/2024\/04\/dizimos2024.jpg 720w, https:\/\/mgieada.com.br\/site\/wp-content\/uploads\/2024\/04\/dizimos2024-300x213.jpg 300w\" sizes=\"(max-width: 720px) 100vw, 720px\" \/><\/figure>\n\n\n\n<div class=\"wp-block-columns is-layout-flex wp-container-core-columns-layout-1 wp-block-columns-is-layout-flex\">\n<div class=\"wp-block-column is-layout-flow wp-block-column-is-layout-flow\" style=\"flex-basis:33.33%\"><\/div>\n\n\n\n<div class=\"wp-block-column is-layout-flow wp-block-column-is-layout-flow\" style=\"flex-basis:66.66%\">\n<p><\/p>\n<\/div>\n<\/div>\n\n\n\n<p><\/p>\n","protected":false},"excerpt":{"rendered":"<p>A oferta \u00e9 um ato de voluntariedade, n\u00e3o obrigat\u00f3rio. Quem oferta entende o compromisso que tem com o Reino de Deus, ciente de que o Senhor far\u00e1 abundantemente mais e que est\u00e1 plantando uma semente para colheitas aben\u00e7oadas.<br \/>\nNos ajude a divulgar o Evangelho de cristo.<\/p>\n","protected":false},"author":4,"featured_media":0,"parent":0,"menu_order":0,"comment_status":"closed","ping_status":"closed","template":"","meta":{"footnotes":""},"_links":{"self":[{"href":"https:\/\/mgieada.com.br\/site\/wp-json\/wp\/v2\/pages\/1068"}],"collection":[{"href":"https:\/\/mgieada.com.br\/site\/wp-json\/wp\/v2\/pages"}],"about":[{"href":"https:\/\/mgieada.com.br\/site\/wp-json\/wp\/v2\/types\/page"}],"author":[{"embeddable":true,"href":"https:\/\/mgieada.com.br\/site\/wp-json\/wp\/v2\/users\/4"}],"replies":[{"embeddable":true,"href":"https:\/\/mgieada.com.br\/site\/wp-json\/wp\/v2\/comments?post=1068"}],"version-history":[{"count":3,"href":"https:\/\/mgieada.com.br\/site\/wp-json\/wp\/v2\/pages\/1068\/revisions"}],"predecessor-version":[{"id":1960,"href":"https:\/\/mgieada.com.br\/site\/wp-json\/wp\/v2\/pages\/1068\/revisions\/1960"}],"wp:attachment":[{"href":"https:\/\/mgieada.com.br\/site\/wp-json\/wp\/v2\/media?parent=1068"}],"curies":[{"name":"wp","href":"https:\/\/api.w.org\/{rel}","templated":true}]}}