{"id":7,"date":"2017-12-11T10:10:34","date_gmt":"2017-12-11T12:10:34","guid":{"rendered":"https:\/\/mgieada.com.br\/site\/?page_id=7"},"modified":"2026-01-30T13:11:15","modified_gmt":"2026-01-30T15:11:15","slug":"pagina-inicial","status":"publish","type":"page","link":"https:\/\/mgieada.com.br\/site\/","title":{"rendered":"MGIEADA &#8211; Minist\u00e9rio Geral da Igreja Evang\u00e9lica Assembleia de Deus em Alc\u00e2ntara"},"content":{"rendered":"<p>&#8220;Aniquilar\u00e1 a morte para sempre, e assim enxugar\u00e1 o Senhor DEUS as l\u00e1grimas de todos os rostos, e tirar\u00e1 o opr\u00f3brio do seu povo de toda a terra; porque o SENHOR o disse&#8221;. Isa\u00edas 25: 8, 9.<\/p>\n\n<div class=\"wp-block-image\">\n<figure class=\"aligncenter size-large\"><img loading=\"lazy\" decoding=\"async\" width=\"1024\" height=\"741\" src=\"https:\/\/mgieada.com.br\/site\/wp-content\/uploads\/2025\/02\/Assembleia-4-1024x741.jpg\" alt=\"\" class=\"wp-image-2174\" srcset=\"https:\/\/mgieada.com.br\/site\/wp-content\/uploads\/2025\/02\/Assembleia-4-1024x741.jpg 1024w, https:\/\/mgieada.com.br\/site\/wp-content\/uploads\/2025\/02\/Assembleia-4-300x217.jpg 300w, https:\/\/mgieada.com.br\/site\/wp-content\/uploads\/2025\/02\/Assembleia-4-768x556.jpg 768w, https:\/\/mgieada.com.br\/site\/wp-content\/uploads\/2025\/02\/Assembleia-4-1536x1112.jpg 1536w, https:\/\/mgieada.com.br\/site\/wp-content\/uploads\/2025\/02\/Assembleia-4.jpg 2000w\" sizes=\"(max-width: 1024px) 100vw, 1024px\" \/><\/figure><\/div>\n\n\n<figure class=\"wp-block-image size-large is-resized\"><img loading=\"lazy\" decoding=\"async\" width=\"1024\" height=\"576\" src=\"https:\/\/mgieada.com.br\/site\/wp-content\/uploads\/2026\/01\/arte2026-2.pdf-3-1-1024x576.jpg\" alt=\"\" class=\"wp-image-2212\" style=\"width:1140px;height:auto\" srcset=\"https:\/\/mgieada.com.br\/site\/wp-content\/uploads\/2026\/01\/arte2026-2.pdf-3-1-1024x576.jpg 1024w, https:\/\/mgieada.com.br\/site\/wp-content\/uploads\/2026\/01\/arte2026-2.pdf-3-1-300x169.jpg 300w, https:\/\/mgieada.com.br\/site\/wp-content\/uploads\/2026\/01\/arte2026-2.pdf-3-1-768x432.jpg 768w, https:\/\/mgieada.com.br\/site\/wp-content\/uploads\/2026\/01\/arte2026-2.pdf-3-1-1536x864.jpg 1536w, https:\/\/mgieada.com.br\/site\/wp-content\/uploads\/2026\/01\/arte2026-2.pdf-3-1-2048x1152.jpg 2048w\" sizes=\"(max-width: 1024px) 100vw, 1024px\" \/><\/figure>\n","protected":false},"excerpt":{"rendered":"<p>&#8220;Aniquilar\u00e1 a morte para sempre, e assim enxugar\u00e1 o Senhor DEUS as l\u00e1grimas de todos os rostos, e tirar\u00e1 o<\/p>\n","protected":false},"author":4,"featured_media":0,"parent":0,"menu_order":0,"comment_status":"closed","ping_status":"closed","template":"","meta":{"footnotes":""},"_links":{"self":[{"href":"https:\/\/mgieada.com.br\/site\/wp-json\/wp\/v2\/pages\/7"}],"collection":[{"href":"https:\/\/mgieada.com.br\/site\/wp-json\/wp\/v2\/pages"}],"about":[{"href":"https:\/\/mgieada.com.br\/site\/wp-json\/wp\/v2\/types\/page"}],"author":[{"embeddable":true,"href":"https:\/\/mgieada.com.br\/site\/wp-json\/wp\/v2\/users\/4"}],"replies":[{"embeddable":true,"href":"https:\/\/mgieada.com.br\/site\/wp-json\/wp\/v2\/comments?post=7"}],"version-history":[{"count":3,"href":"https:\/\/mgieada.com.br\/site\/wp-json\/wp\/v2\/pages\/7\/revisions"}],"predecessor-version":[{"id":2224,"href":"https:\/\/mgieada.com.br\/site\/wp-json\/wp\/v2\/pages\/7\/revisions\/2224"}],"wp:attachment":[{"href":"https:\/\/mgieada.com.br\/site\/wp-json\/wp\/v2\/media?parent=7"}],"curies":[{"name":"wp","href":"https:\/\/api.w.org\/{rel}","templated":true}]}}